 is the remainder when 64804 is divided by 10799?
10
Calculate the remainder when 7057726 is divided by 2771.
2760
What is the remainder when 6196041 is divided by 75?
66
What is the remainder when 421187 is divided by 3770?
2717
What is the remainder when 7756513 is divided by 5?
3
What is the remainder when 114899201 is divided by 476760?
41
Calculate the remainder when 10257220 is divided by 656.
4
What is the remainder when 1896133 is divided by 474028?
21
Calculate the remainder when 553874 is divided by 1284.
470
Calculate the remainder when 4655408 is divided by 2895.
248
Calculate the remainder when 574015 is divided by 157.
23
Calculate the remainder when 228770317 is divided by 73.
70
Calculate the remainder when 6364761 is divided by 66.
51
Calculate the remainder when 416437 is divided by 208017.
403
Calculate the remainder when 1132936 is divided by 294.
154
Calculate the remainder when 115095 is divided by 599.
87
Calculate the remainder when 119206 is divided by 39726.
28
Calculate the remainder when 84983 is divided by 27615.
2138
What is the remainder when 10212941 is divided by 851078?
5
Calculate the remainder when 1637208 is divided by 6995.
378
What is the remainder when 71386 is divided by 99?
7
What is the remainder when 334805 is divided by 1674?
5
Calculate the remainder when 23134836 is divided by 153.
12
Calculate the remainder when 87211100 is divided by 16.
12
Calculate the remainder when 31851657 is divided by 154.
145
What is the remainder when 18904028 is divided by 309902?
6
What is the remainder when 364582 is divided by 1712?
1638
Calculate the remainder when 2362256 is divided by 359.
36
What is the remainder when 93557909 is divided by 909?
902
What is the remainder when 571400 is divided by 264?
104
What is the remainder when 73813606 is divided by 21?
13
What is the remainder when 2383603 is divided by 660?
343
What is the remainder when 1556990 is divided by 168?
134
What is the remainder when 8104388 is divided by 553?
173
What is the remainder when 124679 is divided by 15576?
71
Calculate the remainder when 1243260 is divided by 45.
0
What is the remainder when 1448524 is divided by 5?
4
What is the remainder when 40736 is divided by 129?
101
What is the remainder when 142155 is divided by 967?
6
What is the remainder when 1533201 is divided by 766599?
3
Calculate the remainder when 2019533 is divided by 56.
5
Calculate the remainder when 52433 is divided by 1752.
1625
Calculate the remainder when 22398043 is divided by 1494.
1489
What is the remainder when 26264904 is divided by 31?
30
Calculate the remainder when 2101261 is divided by 50021.
379
What is the remainder when 541211 is divided by 496?
75
What is the remainder when 14345052 is divided by 562?
2
What is the remainder when 13731438 is divided by 370?
368
Calculate the remainder when 776800750 is divided by 208.
206
Calculate the remainder when 40466015 is divided by 552.
551
Calculate the remainder when 536318 is divided by 1353.
530
Calculate the remainder when 639626 is divided by 3386.
3058
Calculate the remainder when 2488647 is divided by 25.
22
What is the remainder when 5542242 is divided by 221683?
167
What is the remainder when 103820 is divided by 944?
924
What is the remainder when 159701 is divided by 925?
601
What is the remainder when 14629 is divided by 621?
346
What is the remainder when 23848755 is divided by 118?
11
What is the remainder when 2205151 is divided by 66?
25
Calculate the remainder when 2956487 is divided by 4044.
323
What is the remainder when 21956177 is divided by 1596?
5
Calculate the remainder when 5138708 is divided by 51.
50
Calculate the remainder when 105044 is divided by 225.
194
Calculate the remainder when 39458465 is divided by 1042.
9
What is the remainder when 15178003 is divided by 5831?
5741
Calculate the remainder when 79257 is divided by 1245.
822
Calculate the remainder when 4921297 is divided by 1187.
1182
Calculate the remainder when 3076065 is divided by 681.
669
What is the remainder when 2127638 is divided by 335?
53
What is the remainder when 26960458 is divided by 8986796?
70
What is the remainder when 812099 is divided by 40?
19
What is the remainder when 11813685 is divided by 3937889?
18
Calculate the remainder when 2849181 is divided by 55.
16
Calculate the remainder when 1756859 is divided by 8531.
8004
What is the remainder when 3431626 is divided by 114?
112
What is the remainder when 19577898 is divided by 9788945?
8
What is the remainder when 18212262 is divided by 92448?
6
What is the remainder when 3687733 is divided by 63?
28
Calculate the remainder when 1210571 is divided by 403510.
41
Calculate the remainder when 1042707 is divided by 312.
3
What is the remainder when 32227068 is divided by 83?
77
Calculate the remainder when 19102085 is divided by 6367358.
11
What is the remainder when 27562515 is divided by 787500?
15
Calculate the remainder when 4244784 is divided by 19561.
47
Calculate the remainder when 606337 is divided by 40.
17
What is the remainder when 1593798 is divided by 531254?
36
What is the remainder when 37197 is divided by 72?
45
Calculate the remainder when 1844992 is divided by 90.
82
What is the remainder when 44587661 is divided by 668?
665
What is the remainder when 3935432 is divided by 245?
242
What is the remainder when 105003 is divided by 52229?
545
What is the remainder when 7489098 is divided by 841?
834
What is the remainder when 63161 is divided by 609?
434
Calculate the remainder when 12117358 is divided by 145.
143
What is the remainder when 16760 is divided by 124?
20
What is the remainder when 47110 is divided by 46598?
512
What is the remainder when 93440487 is divided by 3795?
3792
Calculate the remainder when 18558880 is divided by 92.
88
Calculate the remainder when 407846 is divided by 193.
37
Calculate the remainder when 16865559 is divided by 36270.
9
What is the remainder when 215677 is divided by 10473?
6217
Calculate the remainder when 1089978 is divided by 11976.
162
What is the remainder when 30626 is divided by 15161?
304
What is the remainder when 459405 is divided by 56?
37
What is the remainder when 42000 is divided by 372?
336
Calculate the remainder when 602352 is divided by 828.
396
What is the remainder when 238003 is divided by 33993?
52
Calculate the remainder when 5720891 is divided by 8.
3
Calculate the remainder when 3267688 is divided by 3145.
33
Calculate the remainder when 9400300 is divided by 1586.
78
What is the remainder when 6376482 is divided by 1597?
1258
Calculate the remainder when 832669 is divided by 26014.
221
What is the remainder when 1657714 is divided by 685?
14
What is the remainder when 30221473 is divided by 153?
148
What is the remainder when 5847819 is divided by 449830?
29
Calculate the remainder when 298177 is divided by 99153.
718
What is the remainder when 6414 is divided by 6149?
265
Calculate the remainder when 3671627 is divided by 1860.
1847
Calculate the remainder when 1952989 is divided by 4369.
46
Calculate the remainder when 1403626 is divided by 6714.
400
What is the remainder when 214504 is divided by 22078?
15802
Calculate the remainder when 1489659 is divided by 106387.
241
What is the remainder when 4377150 is divided by 355?
0
What is the remainder when 6435 is divided by 883?
254
What is the remainder when 681250 is divided by 40046?
468
Calculate the remainder when 120457 is divided by 119942.
515
What is the remainder when 550190 is divided by 18378?
17228
What is the remainder when 687975903 is divided by 193?
190
What is the remainder when 401267494 is divided by 59?
57
Calculate the remainder when 91672 is divided by 7509.
1564
Calculate the remainder when 238137 is divided by 21606.
471
Calculate the remainder when 394995 is divided by 6249.
1308
Calculate the remainder when 2430794 is divided by 3511.
1182
Calculate the remainder when 183474 is divided by 26.
18
What is the remainder when 776168 is divided by 3661?
36
Calculate the remainder when 145080 is divided by 3204.
900
Calculate the remainder when 1294213 is divided by 6637.
6635
Calculate the remainder when 26412 is divided by 23564.
2848
What is the remainder when 12852707 is divided by 130?
127
